2)/(-4))/((-10)/(-20))?
1
Let i(d) = 3*d + 13. What is the units digit of i(6)?
1
Let j be 8/6 + 8/12. Suppose -x - j*x = -39. What is the tens digit of x?
1
Suppose 0 = -4*h + 34 + 6. Suppose -5*i + 7*n = 2*n - h, -4*i = 5*n - 26. Let x = -1 + i. What is the units digit of x?
3
Suppose -5*b + 303 = 2*t, -6*t + 2*b = -7*t + 152. What is the hundreds digit of t?
1
Let m(f) = 2*f - 9. What is the units digit of m(13)?
7
Let q = -148 + 214. What is the tens digit of q?
6
Suppose 0*p + 60 = 4*p. What is the units digit of p?
5
Let z = -24 + 33. What is the units digit of z?
9
Let t(u) be the first derivative of -u**4/4 - 8*u**3/3 - 4*u**2 - 4*u - 3. Suppose d - 6*d - 35 = 0. What is the units digit of t(d)?
3
Let g(r) = r**3 - 4*r**2 - 4*r - 4. Let x be g(5). Let v be (1 + x)*6/4. What is the units digit of (2 - v) + (-8)/(-2)?
3
Let x(d) = 2*d + 29. What is the units digit of x(9)?
7
Suppose -85*p = -81*p - 724. What is the tens digit of p?
8
Let r = -3 + 9. What is the units digit of r + -3 - 2/2?
2
Let p(i) = i**2 + 4*i - 3. Let d be p(-5). Let j = 6 - 2. Suppose d*b + 4 = -a + 15, -4*a = -j*b + 28. What is the units digit of b?
6
Let d(z) = z**3 + 7*z**2 - 2*z - 12. Let x be d(-7). Let k = -15 + 87. Suppose 4*w - 91 = -3*o, w - k = -x*w - 3*o. What is the tens digit of w?
1
Let d(h) = -h**3 + 6*h**2 + 10*h - 3. What is the units digit of d(7)?
8
Let d(c) = c - 3. What is the units digit of d(5)?
2
Suppose 2*y - 38 = o, -4*y - 2*o = 2*o - 100. Suppose -3*s - 2*j + y = 0, 4*s - 25 = 2*j + 17. What is the units digit of s?
9
Let w be 2/(-8) + (-490)/(-8). Suppose -3*u + 32 = -5*d - w, -d + 3 = 0. Let x = -26 + u. What is the tens digit of x?
1
Let x = -50 + 85. What is the units digit of x?
5
Let c(r) = 2*r**2 - 7*r - 3. What is the tens digit of c(7)?
4
Let o(h) = h**3 + 9*h**2 + 7*h + 3. Let u be o(-8). Let n = 18 - u. What is the units digit of n?
7
Let b = -8 - -13. Suppose c - 3*z - 18 = 0, b*z - 123 = -4*c - 0*c. Suppose 4*s + 7 = c. What is the units digit of s?
5
Let y be (-1)/(-2*(-3)/(-18)). Let q be (-1 + 6)*3/y. Let v = -1 + q. What is the units digit of v?
4
Let z be (4/(-3))/((-2)/3). Suppose -g = -z*g + 6. What is the units digit of g?
6
Let d(i) be the second derivative of i**6/360 + i**5/40 - i**4/6 - i**3/6 + i. Let q(b) be the second derivative of d(b). What is the units digit of q(-5)?
6
Let v(o) = -o**2 + 10*o + 7. Let j be v(9). Suppose 4 = -4*w, -34 = -5*c - 0*c + 4*w. Let r = j - c. What is the units digit of r?
0
Let o(l) = -18*l**2 + 1. Let r be o(1). Suppose -g - 13 = -5*j + 4, 0 = -3*g - 2*j - 17. Let q = g - r. What is the units digit of q?
0
What is the units digit of (-3)/6*(-2 + -2)?
2
Suppose 0 = 7*o - 736 + 1. What is the units digit of o?
5
Suppose -25 = 5*b, 5 = -2*q - 2*b + b. Suppose 4*x + 47 = 4*n - 9, -2*x + n - 24 = q. Let u = x + 16. What is the units digit of u?
6
Suppose p - 3*p - 4*n + 18 = 0, 0 = -p + 3*n - 1. Suppose -p*d + 19 = -1. Suppose -2*m + d*h + 14 = 3*m, -3*h = -m + 5. What is the units digit of m?
2
Suppose -l - 2*f + 146 = -5*f, l - 2*f - 144 = 0. What is the hundreds digit of l?
1
Let w(s) = 9*s**2 - s**3 + 0 - 8*s + 4 + 0. What is the units digit of w(8)?
4
Suppose -5 = 2*x + l - 6*l, -2*l + 10 = 0. Let c(t) = -t**3 + 10*t**2 + 4. What is the units digit of c(x)?
4
Let q = 2 - 4. What is the units digit of (-3)/(-2)*q/(-3)?
1
Suppose -x = -2*z + 66, -128 = -3*z - 3*x - 38. Let s = z + -6. What is the tens digit of s?
2
Let s be -1 + -12*33/(-2). Suppose 5*u - s = -57. What is the tens digit of u?
2
Let f = 47 + -25. Suppose 7 - f = -w. Let q = w - 8. What is the units digit of q?
7
Let u be (3/(-3) - -2)*-7. Let r = u + 9. Suppose 3*t - r*t = 4*x + 15, -4*x = -2*t + 26. What is the tens digit of t?
1
Let z = 9 - 4. Suppose -6 - 9 = -z*l. What is the units digit of l?
3
Suppose 14 = -5*o + 3*o. Let s = o + 15. What is the units digit of s?
8
Suppose 2*k - 2 = 5*t, 0 = -5*k + 2*t - 0*t + 26. Suppose -5*u - k*s + 30 = -2*s, 2*u - 5 = -3*s. What is the units digit of u?
0
Let g = -71 + 336. What is the hundreds digit of g?
2
Let k(d) = -27*d - 122. What is the tens digit of k(-6)?
4
Let v(m) = 20*m + 3. Let p be v(-3). Let c be (-1)/3 - p/9. What is the units digit of c + 2/1 - 2?
6
Let j = 120 + -55. What is the tens digit of j?
6
Let x(z) = z**2 - z - 4. Let f be x(-4). Let h = -9 + f. What is the units digit of h?
7
What is the units digit of (-2 + 1)/(-1 - 928/(-932))?
3
Suppose -19 = 5*z + 1. Let s(x) = x**3 + 4*x**2 - 3*x - 5. What is the units digit of s(z)?
7
Let z(v) be the second derivative of v**7/1260 + v**6/120 - v**4/6 - v. Let k(o) be the third derivative of z(o). What is the units digit of k(-4)?
8
Suppose -96 = -l + 4*r + 30, 4*l = r + 429. What is the hundreds digit of l?
1
Let i(m) be the third derivative of m**6/120 - m**5/20 - m**4/24 + m**3/6 + m**2. What is the tens digit of i(4)?
1
Let h(r) be the second derivative of r**3/3 - r**2 + 2*r. What is the units digit of h(4)?
6
Let a(v) be the first derivative of -v**4/4 + 2*v**3/3 + 1. What is the units digit of a(-2)?
6
Let s(b) = -b**2 + 16*b - 4. What is the units digit of s(13)?
5
Let r(x) = x**2 + 2*x - 3. Let l be r(3). Suppose -l = -2*i + 2*h, 5*i + h - 6 - 12 = 0. What is the units digit of i?
4
What is the tens digit of ((-15)/6 + 4)*26?
3
Let i = 148 + -86. What is the tens digit of i?
6
Let f = 2 + 3. What is the units digit of (-22)/(-6)*(f + -2)?
1
Let p = 1 + -7. What is the tens digit of (8/p)/((-22)/297)?
1
Suppose -386 - 417 = -11*n. What is the units digit of n?
3
Suppose 0*f + f = -1. Let z be (0/(-3) - f)*4. Suppose -2*x = -z*x + 12. What is the units digit of x?
6
Let o(i) = i**3 + 9*i**2 + 7*i - 6. Let m be o(-8). Suppose 154 = 4*b + 2*s, 3*b + 5*s - 114 = m*s. Suppose -5*z - 9 = -b. What is the units digit of z?
6
Suppose 128 = -0*a + 4*a. Suppose p = 5*p - a. What is the units digit of p?
8
Let r(c) = c**2 + 2*c - 5. What is the units digit of r(-4)?
3
What is the hundreds digit of 2/1*(76 - (2 + -6))?
1
Suppose x + x = i + 57, 4*x - 112 = 4*i. What is the tens digit of x?
2
Suppose -2 = -3*n + n. Suppose 0 = -u - 5*d + n, -3*u + 4*u - 8 = 2*d. What is the units digit of u?
6
Let a(v) = -8*v - 2. Let d be a(-4). Let k = d + -11. What is the tens digit of k?
1
What is the tens digit of 1*(57 - 3) + 4?
5
Let y(m) = 3*m**2 + 4*m. Let n be y(-4). Suppose -2*a + n = -0*a. What is the units digit of a?
6
Let b = 48 - 11. Let w = -28 + b. What is the units digit of w?
9
Suppose 0 = q - 2 - 6. Suppose q*o + 10 = 10*o. What is the units digit of o?
5
Suppose -4*z = 2*b - 372, -2*b + 908 = 3*b - z. What is the hundreds digit of b?
1
Suppose -2*u = 3*u + 85. Let n = -12 - u. Suppose -n*v + 16 = -v. What is the units digit of v?
4
Let j(q) = -q**3 - 8*q**2 - 5*q - 2. Let c be j(-8). Let f be (-14)/63 - c/(-9). Suppose -u + 3 = 2*u + f*x, 2*u + 2*x = 2. What is the units digit of u?
1
Suppose -3*i + 164 = -u, 0 = 5*i - u - 381 + 105. Suppose -5*q + i = -4. What is the tens digit of q?
1
Let z be -2 + 1 - 0 - -7. Suppose -z*f = -4*f - 2. What is the units digit of f?
1
Suppose -6*d - 4*q = -3*d - 521, 0 = -5*d + 5*q + 880. What is the hundreds digit of d?
1
Let n be 4/(-6)*-3 + -50. Let z be n/(-21) + (-2)/7. What is the units digit of -2*z/8*-2?
1
Suppose 0 = 4*j - j + 114. Let s = 79 + j. What is the units digit of s?
1
Suppose 8*q = 723 + 949. What is the tens digit of q?
0
Suppose 5*v = j - 41, 1 - 3 = -2*j. What is the tens digit of v*(-3)/6 - -29?
3
Let d(q) = q**3 + 4*q**2 - 6*q - 2. Let j be (0 - -6)/(3/2). Let f = j + -9. What is the units digit of d(f)?
3
Let l(m) = m + 0*m + 0*m + 1. Let h(s) = 4*s**2 - s - 1. Let y be h(-1). What is the units digit of l(y)?
5
What is the units digit of (1/(-4))/(2/(-136))?
7
Let a(s) = -s. Let w be a(-5). Let x = 8 + -6. Suppose l = -5*p + w - x, 0 = -4*p - 4. What is the units digit of l?
8
Suppose 0 = -4*l + 30 + 14. Suppose 4*u - 2*u - 8 = 0. Suppose -u - l = -3*d. What is the units digit of d?
5
Suppose 0 = -0*k - 3*k + 63. What is the units digit of 960/k + 2/7?
6
What is the units digit of 1 + -3 + (-144)/(-4)?
4
Let c(w) = -w**2 - 12*w - 9. Suppose 3*x + 0*k + 4*k + 31 = 0, -2*k - 20 = 2*x. What is the units digit of c(x)?
8
Let u = 136 + -69. What is the